(12 - 6) + -24 + 6 + 63.
51
-38 + (11 - (14 - 17 - ((1 - 18) + -1)))
-42
What is -81 + 27 - (14 + -12 + 3 - 16)?
-43
Evaluate 5 + (76 - 8) + -127.
-54
What is the value of (-124 + 125 - (-92 - (0 + -1))) + (-147 - -137)?
82
What is the value of 229 - 265 - ((-4 - -11) + 11)?
-54
What is the value of 54 + -20 - (-9 + -3 + -11)?
57
(-42 - (-17 - 5)) + 11 - -1
-8
Evaluate (-207 - -56) + 109 - 76.
-118
(70 - 77) + 2 + 0 - (6 + 2)
-13
What is 16 + 13 + -33 + -3?
-7
Calculate (2 - 4) + (-22 - (30 + -1 - -4)).
-57
Evaluate -150 + (-28 - -72 - 0).
-106
Calculate -13 - (11 - (-2 - -34)) - (-38 - (-2 + -4)).
40
What is the value of 106 + (0 - 21 - -8) + -25?
68
Calculate 11 + (16 - 14 - (-40 - (-10 - -16))).
59
What is the value of 24 + -20 - 17 - -8 - (2 + -40 + -1)?
34
What is -1 + 1 + 37 - (-43 - -77 - 35 - -10)?
28
(76 - (-2 + 22 + -12 + -13) - 8) + 5
78
Calculate 21030 + -21013 + (35 - (1 + -3)).
54
2 + 0 + -45 + -14 + 6 + -6 + 7
-50
(3 - 12) + -4 - (-526 - -504)
9
-26 + (16 - (13 + -17 - -36 - 17))
-25
Calculate -1 + 22 + -12 + -6 - 34 - -10.
-21
What is the value of 0 - 2 - (-66 + 174 + -92)?
-18
What is the value of -83 + (6 - (-12 + 4 + 14 + -3 + 13))?
-93
-13 - 39 - (-41 - (-2 + -9))
-22
What is 10 + (-53 + -18 - (-7 - -1)) - (10 - 18)?
-47
What is the value of ((-69 - 13) + 17 - -8) + (-8 - (1 + -22))?
-44
What is 0 + -15 - (18 - (-16 - -25 - -4))?
-20
Calculate -6 - 7 - ((8 - -2) + -34) - 42.
-31
(1 - -3) + -2 + -13 + -10 + 49 + -87
-59
Calculate 44 - (27 - -5 - -18).
-6
What is the value of -91 - (-10 + -51 + -33)?
3
What is the value of (-11 - (-16 + -1)) + 0 + 0 + -9?
-3
Evaluate (146 - 137) + -1 + -30.
-22
What is (38 - -15) + -111 + 63?
5
Evaluate (24 - 0) + -1 + -160 - -17 - -4.
-116
What is the value of -13 + (-5 - -60) + -14?
28
What is 24 - (25 - -83) - (11 + -31)?
-64
What is 32 + -1 - ((855 - 891) + 20 + 2)?
45
Calculate (9 - -5) + 2 + -2 + -42.
-28
Evaluate (1 - 22) + 19 + (13 - (10 + -4 - 2)).
7
What is 18 + -16 - (1 + 4 + -118 + 122 + -90)?
83
What is the value of (-1 - (3 - -2)) + (10 - 55 - (-46 - 7))?
2
Calculate -151 + (72 - -18) - 26.
-87
-1 - 23 - (-1 + 26 - 10)
-39
Calculate 37 - (-68 - (38 - 97)).
46
Evaluate (47 - -55 - 131 - (1 - 12)) + 103.
85
67 - (-103 - (-56 + -146))
-32
-5 - (7 - 6) - -8 - (56 + -7 + -4)
-43
Evaluate (48 - 58) + 47 + 6 + (-4 - -12).
51
What is the value of -5 - (-4 + 18 - 10 - (-1 - (-58 + 2)))?
46
Calculate 69 + 91 + (38 - 112).
86
Calculate 12 + -58 + 28 + -26.
-44
What is the value of (6 - 9) + (1 - (-2 + 7)) + (1 - -9)?
3
Calculate 184 + -86 + -67 - 109.
-78
What is the value of (-2 - -8) + -3 + -53 - (-84 - (-146 - -53))?
-59
What is 76 - (13 - (75 - 206))?
-68
What is the value of -451 - -457 - (-1 + -41)?
48
Calculate 1 + 1 + -4 - (73 + 0) - (274287 + -274272).
-90
What is the value of 21 + (-55 - -25) - (121 - 70)?
-60
What is the value of (-2 + -8 - -5) + 21 - -3 - -39?
58
Evaluate 10 - 4 - ((20 - 11) + -10 - 8).
15
What is 0 + -87 + 0 - ((-164 - -163) + -17)?
-69
Evaluate (112 - 194) + -58 + 48.
-92
What is the value of -2 + (200 + -204 - (4 + 1 - -2)) + 53?
40
What is -18 + (12 - 17) + 31?
8
What is the value of (-9 - -36) + -30 - (-3 - 14)?
14
What is the value of (2 - 2) + (-10 - ((-48 - 43) + (5 - -11)))?
65
85 - (4 + (-3 - (1 + 3))) - (1037 + -1036)
87
What is the value of -52 + -4 + 14 - (-4 + 6 + 1 + -8)?
-37
What is the value of (-20 + 44 - -28) + -21?
31
(53 - (42 - (16 - 1))) + -40
-14
Calculate (3 - (101 - -8)) + -3 + (-4 - -11) + -2.
-104
Evaluate (-25 - (-5 + -17)) + 18 + 2 + -21.
-4
49 + 129 + (-134 - 135)
-91
Evaluate (44 - 12) + (-111 + 25 - 19).
-73
0 + (30 - ((-8 + -3 - -22) + -4)) + -5
18
What is (-19 + 19 - (-4 + -3 + 10) - 45) + -6?
-54
Evaluate -43 + -60 + 152 - 78.
-29
What is -40 - (3 - (10 - -9)) - (-11 + 11)?
-24
-13 - (26 - 108) - 19
50
Calculate -15 - -67 - 37 - 14.
1
1 + -14 - ((-2 - -51) + -43)
-19
Calculate 19 - (62 + -132 - -20).
69
What is the value of 61 - 44 - 13 - (0 + -5)?
9
What is the value of 49 + 1 + (-1 - (1 - -5 - (77 - 63)))?
57
Evaluate 4 + -54 - (-7 + (-19 - (-13 - 4))) - -1.
-40
Evaluate -47 + (-15 - (23 + -38) - -4) + -5.
-48
What is the value of 19 + (6 - (-24 + 23 + (-7 - 7)))?
40
Calculate (94 - ((-1 - -5 - (-19 - -23)) + 10)) + -12.
72
What is 28 - (2 + -2) - (-5963 + 5999)?
-8
What is the value of -76 + -8 + 38 + 45?
-1
45 - 8 - (331 + -349)
55
(1 - ((-13 - 2) + -3)) + -13
6
Calculate (13 - 10) + (25 + -22 - (2 - (-27 - 0))).
-23
65 - 158 - (20 + -1) - -30
-82
-12 - (-2 + -31 - (-76 - -55))
0
What is -56 + (5 + -2 - ((3 - 7 - -27) + -13))?
-63
Calculate -18 + 12 - (-105 + (1 - -5)) - 2.
91
Calculate (10 - (28 - (6 + 7))) + 41 - -1.
37
Calculate -15 + 18 + 13 + 9 + -9.
16
What is (-29 - -13) + (34 - 7) - (-12 + 1)?
22
Calculate 5 - 5 - (3 - -39 - (-16 + 19)).
-39
What is -185 + (-113 + 140 - (-28 + 9))?
-139
What is 3 - (-7 + (25 - 7)) - 31?
-39
What is the value of 53 + (-49 - (-121 + 63))?
62
Evaluate (85 - 103 - (-2 - 0)) + (-4 - (0 - -1)).
-21
Calculate 30 - (101 - 25 - 56).
10
What is (-57 - -39) + (65 - 30)?
17
What is (0 - -2 - -92) + (367 + -216 - 156)?
89
Evaluate 1 + 78 - (2341 + -2265).
3
Calculate (-3 - (-14 - -3)) + 50 + -49.
9
What is -6 + 4 + (14 - (-13 + 3 - -22))?
0
Calculate (3575 - 3601 - (2 - -26)) + -13 + 1 + 0.
-66
Calculate -16 + (14 - (-6 - (-24 - -27)) - -107).
114
-10 - (-36 - (-25 + (-23 - -45)))
23
Evaluate (1 - (6 - 6)) + (68 - (8 - 9 - -9)).
61
-1 + (-51 - (-11 + (32 + 0 - 9)) - 1)
-65
-182 + 122 + (1 - -2) + 16
-41
Calculate 36 + -26 + -16 + 9 - (2 + -27).
28
(2 - 28 - -26 - -2) + -1 + -51
-50
Evaluate -381 - -476 - (0 + 49).
46
What is the value of 3315 + -1642 + -1659 - (-27 - (-1 + 0 + 0))?
40
Evaluate -31 + 161 + -82 - 125.
-77
What is the value of (-3 - 63) + 55 - 35?
-46
What is 85 - (17 - (-25 + 30 - 8))?
65
Evaluate -13 + (31 - -1) + -6 + (-1 + 0 - 72).
-60
Evaluate 21 + (50 - -1 - (-2215 + 2256)).
31
Calculate (-9 - 5 - -5) + (50 - 26 - -45).
60
What is the value of (-14 + -6 - (0 + -67)) + (-16 - (-5 - -2))?
34
What is the value of 12 + -9 + 16 - (-17 - (-3 - 4))?
29
(-2 - 86) + (-54 - -100)
-42
Calculate (84 - -9) + (1 - 62).
32
-7 + -3 + ((26 - 13) + -14 - -66) + -3
52
(-26 - -4) + 22 + -5 + 1 - 12
-16
Evaluate 116 - 23 - 25 - (-8 + 1 + 0 + 2).
73
Evaluate -7 + (8 - -16 - 52).
-35
-4 - 19 - 8 - 7 - 6
-44
What is 16 + -37 + -40 + 4 + 151?
94
Evaluate 4 + 108 + -4 + -25 + 4.
87
What is 28 + 1 - (-270 + 242)?
57
What is the value of -4 + 39 + -83 - -25?
-23
What is the value of (30 - -5) + -22 + 21?
34
Calculate 34 + -43 + 52 + -49.
-6
What is (-24 - 2 - 50) + 30 + -1 + 7?
-40
Calculate (33 + -11 - (-19 + 20)) + -81.
-60
Calculate 21 - (-67 + (-24 - -71)).
41
Calculate -48 + 1 - (5622 - 5644).
-25
-194 + (146 - (75 - 30))
-93
Evaluate (-26 - (-13 + -6) - (-29 - -5)) + 3.
20
(-28 - ((-9 + 6 - -10) + -2)) + 0
-33
(-5 - (-6 + -9 - -8)) + -5 + -20
-23
What is 8 + 4 - 46 - (60 + -44 - (2 - -8))?
-40
What is (2 + -27 - (-77 + -51)) + -8 - 18?
77
Evaluate 26 - (13 - 17) - 24.
6
-104 - (-247 + -11 + 57)
97
What is the value of -2 + (-11 - -15 - 6) + 46 + 19?
61
What is (6 - -1) + -2 + 12 + -22 + 16 + 10?
21
Calculate 607 - 546 - (11 + 0 + -2).
52
19 - (35 - 47) - -10
41
What is (2 - 8) + (-79 - -171 - 0)?
86
What is 73 + -71 + -25 + 109 + 7?
93
What is -17 - 3 - (-4 - -6 - (76 + -14))?
40
What is the value of -7 + 32 + -31 - (-24 + 0 + 0) - 11?
7
Evaluate -12 + 84 - (-17 + 1 - -5 - 1).
84
Calculate (-206 - -201) + (-77 - (-13 + -5 + 10)).
-74
What is 0 - -7 - -15 - (-328 + 311)?
39
-19 - (-5 - -5) - -3 - (3 + -6 + -1)
-12
Evaluate -9 - ((8 - -5) + 27 + -14) - (-8 + 1).
-28
What is the value of 8 - (-22 + 3 - (-11 - (-28 - -30))) - -17?
31
What is the value of -55 + (61 - 52) + -27?
-73
Calculate -128 + -18 + 71 + 105.
30
Evaluate 84 + -1 + (24 + -35 - 4).
68
What is 13 + (13 + 25 - -2 - 8)?
45
Calculate 5 + -64 + 4 + (-54 - -79).
-30
What is 3 + 3 - (-31 + 103 + -15 + -12)?
-39
Calculate 52 + -11 + (6 + 1 - 14).
34
What is the value of 3 + -2 + 0 + (12 + -58 - -50)?
5
Calculate (68 - 25) + -19 - (0 - 20).
44
Calculate 137 - (233 - 106) - ((2 - (-1 + -30)) + 2).
-25
What is the value of (-5 - 5 - -13 - 26) + -119 + 221?
79
Evaluate -83 + 116 - (-26 + 11).
48
-77 + (-411 + 413 - (-3 + 2 + (6 - 5)))
-7